{"id":945,"date":"2018-02-01T15:25:00","date_gmt":"2018-02-01T15:25:00","guid":{"rendered":"https:\/\/www.amado.pt\/aluguer\/?post_type=product&#038;p=945"},"modified":"2025-01-28T13:23:33","modified_gmt":"2025-01-28T13:23:33","slug":"toalha-de-mesa-verde-adamascada","status":"publish","type":"product","link":"https:\/\/www.amado.pt\/aluguer\/toalha-de-mesa-verde-adamascada\/","title":{"rendered":"Toalha de mesa verde arabesco"},"content":{"rendered":"<h2>Aluguer de toalha de mesa verde arabesco para eventos<\/h2>\n<p>Alugamos toalhas para mesa redondas ou quadradas em tecido com um visual elegante e moderno com arabescos desenhados.<\/p>\n<p>\u00bb Composi\u00e7\u00e3o: 68% <a href=\"https:\/\/pt.wikipedia.org\/wiki\/Algod%C3%A3o\" target=\"_blank\" rel=\"noopener noreferrer\">algod\u00e3o<\/a> 32% poliamida<br \/>\n\u00bb Medidas: 2.20 x 2.20 mts<br \/>\n\u00bb Gramagem: 260 gr\/m2<\/p>\n<p>Lavagem em m\u00e1quina industrial com a mais alta seguran\u00e7a higi\u00e9nica, erradica at\u00e9 99% de microrganismos.<br \/>\nDetergentes biodegrad\u00e1veis certificados, temperatura constante de 60\u00ba e desinfe\u00e7\u00e3o por ozono.<\/p>\n<p>Alugamos: <a href=\"https:\/\/www.amado.pt\/aluguer\/produto\/guardanapo-verde-arabesco\/\">guardanapo verde<\/a> no mesmo tecido.<\/p>\n","protected":false},"excerpt":{"rendered":"<p>Aluguer de toalha de mesa verde arabesco para eventos Alugamos toalhas para mesa redondas ou quadradas em tecido com um visual elegante e moderno com arabescos desenhados. \u00bb Composi\u00e7\u00e3o: 68% algod\u00e3o 32% poliamida \u00bb Medidas: 2.20 x 2.20 mts \u00bb Gramagem: 260 gr\/m2 Lavagem em m\u00e1quina industrial com a mais alta seguran\u00e7a higi\u00e9nica, erradica at\u00e9 [&#8230;]\n","protected":false},"featured_media":946,"template":"","meta":[],"product_cat":[69],"product_tag":[67],"class_list":{"0":"post-945","1":"product","2":"type-product","3":"status-publish","4":"has-post-thumbnail","6":"product_cat-uncategorized","7":"product_tag-toalha-de-mesa","9":"first","10":"instock","11":"taxable","12":"shipping-taxable","13":"purchasable","14":"product-type-simple"},"_links":{"self":[{"href":"https:\/\/www.amado.pt\/aluguer\/wp-json\/wp\/v2\/product\/945","targetHints":{"allow":["GET"]}}],"collection":[{"href":"https:\/\/www.amado.pt\/aluguer\/wp-json\/wp\/v2\/product"}],"about":[{"href":"https:\/\/www.amado.pt\/aluguer\/wp-json\/wp\/v2\/types\/product"}],"wp:featuredmedia":[{"embeddable":true,"href":"https:\/\/www.amado.pt\/aluguer\/wp-json\/wp\/v2\/media\/946"}],"wp:attachment":[{"href":"https:\/\/www.amado.pt\/aluguer\/wp-json\/wp\/v2\/media?parent=945"}],"wp:term":[{"taxonomy":"product_cat","embeddable":true,"href":"https:\/\/www.amado.pt\/aluguer\/wp-json\/wp\/v2\/product_cat?post=945"},{"taxonomy":"product_tag","embeddable":true,"href":"https:\/\/www.amado.pt\/aluguer\/wp-json\/wp\/v2\/product_tag?post=945"}],"curies":[{"name":"wp","href":"https:\/\/api.w.org\/{rel}","templated":true}]}}

<h2>Aluguer de toalha de mesa verde arabesco para eventos</h2>
<p>Alugamos toalhas para mesa redondas ou quadradas em tecido com um visual elegante e moderno com arabescos desenhados.</p>
<p>» Composição: 68% <a href="https://pt.wikipedia.org/wiki/Algod%C3%A3o" target="_blank" rel="noopener noreferrer">algodão</a> 32% poliamida<br />
» Medidas: 2.20 x 2.20 mts<br />
» Gramagem: 260 gr/m2</p>
<p>Lavagem em máquina industrial com a mais alta segurança higiénica, erradica até 99% de microrganismos.<br />
Detergentes biodegradáveis certificados, temperatura constante de 60º e desinfeção por ozono.</p>
<p>Alugamos: <a href="https://www.amado.pt/aluguer/produto/guardanapo-verde-arabesco/">guardanapo verde</a> no mesmo tecido.</p>

<p>Aluguer de toalha de mesa verde arabesco para eventos Alugamos toalhas para mesa redondas ou quadradas em tecido com um visual elegante e moderno com arabescos desenhados. » Composição: 68% algodão 32% poliamida » Medidas: 2.20 x 2.20 mts » Gramagem: 260 gr/m2 Lavagem em máquina industrial com a mais alta segurança higiénica, erradica até [&#8230;]
