{"id":975,"date":"2018-02-05T15:17:15","date_gmt":"2018-02-05T15:17:15","guid":{"rendered":"https:\/\/www.amado.pt\/aluguer\/?post_type=product&#038;p=975"},"modified":"2025-01-28T13:21:50","modified_gmt":"2025-01-28T13:21:50","slug":"coxim-para-cadeira","status":"publish","type":"product","link":"https:\/\/www.amado.pt\/aluguer\/coxim-para-cadeira\/","title":{"rendered":"Coxim para cadeira de estilo"},"content":{"rendered":"<h2>Aluguer de coxins para cadeiras marfim, prateadas, douradas ou pretas<\/h2>\n<p>Alugamos como suplemento de decora\u00e7\u00e3o ou para maior conforto, coxins para as nossas cadeiras de madeira com assento em palhinha.<br \/>\n<span style=\"font-size: 100%;\"><strong><span style=\"color: #e14d43;\">NOTA:<\/span> Este item n\u00e3o pode ser alugado em separado das nossas cadeiras de estilo.<\/strong><\/span><\/p>\n<p>\u00bb Altura: 3 cm<br \/>\n\u00bb Largura: 40 cm<br \/>\n\u00bb Comprimento: 38 cm<br \/>\n\u00bb Material: Esponja de m\u00e9dia densidade<br \/>\n\u00bb Tampo: platex<br \/>\n\u00bb Fixa\u00e7\u00e3o: velcro<br \/>\n\u00bb Cores: preto, branco, bege, castanho, vermelho, bordo, laranja, rosa verde e azul.<\/p>\n","protected":false},"excerpt":{"rendered":"<p>Aluguer de coxins para cadeiras marfim, prateadas, douradas ou pretas Alugamos como suplemento de decora\u00e7\u00e3o ou para maior conforto, coxins para as nossas cadeiras de madeira com assento em palhinha. NOTA: Este item n\u00e3o pode ser alugado em separado das nossas cadeiras de estilo. \u00bb Altura: 3 cm \u00bb Largura: 40 cm \u00bb Comprimento: 38 [&#8230;]\n","protected":false},"featured_media":977,"template":"","meta":[],"product_cat":[10,179,185],"product_tag":[68],"class_list":{"0":"post-975","1":"product","2":"type-product","3":"status-publish","4":"has-post-thumbnail","6":"product_cat-cadeiras","7":"product_cat-coxins","8":"product_cat-todos-os-produtos","9":"product_tag-coxim","11":"first","12":"instock","13":"taxable","14":"shipping-taxable","15":"purchasable","16":"product-type-variable"},"_links":{"self":[{"href":"https:\/\/www.amado.pt\/aluguer\/wp-json\/wp\/v2\/product\/975","targetHints":{"allow":["GET"]}}],"collection":[{"href":"https:\/\/www.amado.pt\/aluguer\/wp-json\/wp\/v2\/product"}],"about":[{"href":"https:\/\/www.amado.pt\/aluguer\/wp-json\/wp\/v2\/types\/product"}],"wp:featuredmedia":[{"embeddable":true,"href":"https:\/\/www.amado.pt\/aluguer\/wp-json\/wp\/v2\/media\/977"}],"wp:attachment":[{"href":"https:\/\/www.amado.pt\/aluguer\/wp-json\/wp\/v2\/media?parent=975"}],"wp:term":[{"taxonomy":"product_cat","embeddable":true,"href":"https:\/\/www.amado.pt\/aluguer\/wp-json\/wp\/v2\/product_cat?post=975"},{"taxonomy":"product_tag","embeddable":true,"href":"https:\/\/www.amado.pt\/aluguer\/wp-json\/wp\/v2\/product_tag?post=975"}],"curies":[{"name":"wp","href":"https:\/\/api.w.org\/{rel}","templated":true}]}}

<h2>Aluguer de coxins para cadeiras marfim, prateadas, douradas ou pretas</h2>
<p>Alugamos como suplemento de decoração ou para maior conforto, coxins para as nossas cadeiras de madeira com assento em palhinha.<br />
<span style="font-size: 100%;"><strong><span style="color: #e14d43;">NOTA:</span> Este item não pode ser alugado em separado das nossas cadeiras de estilo.</strong></span></p>
<p>» Altura: 3 cm<br />
» Largura: 40 cm<br />
» Comprimento: 38 cm<br />
» Material: Esponja de média densidade<br />
» Tampo: platex<br />
» Fixação: velcro<br />
» Cores: preto, branco, bege, castanho, vermelho, bordo, laranja, rosa verde e azul.</p>

<p>Aluguer de coxins para cadeiras marfim, prateadas, douradas ou pretas Alugamos como suplemento de decoração ou para maior conforto, coxins para as nossas cadeiras de madeira com assento em palhinha. NOTA: Este item não pode ser alugado em separado das nossas cadeiras de estilo. » Altura: 3 cm » Largura: 40 cm » Comprimento: 38 [&#8230;]
